*n - 32 + 35 + 3*n + n - 6*n**2. Let t(m) = 5*m**2 + 2*m - 3. Let i(v) = 5*t(v) + 4*z(v). Give i(4).
5
Let q(j) = j**3 - j**2 - 2. Let w be 4/(-18) + (-120)/(-54). Let x be (3 + 0 + -3)/w. Give q(x).
-2
Suppose c - 2*g = -3*c - 6, -5*c - 5 = -5*g. Let t be (-2)/4 + (-3)/c. Let w(o) = -4*o - 1 - 4*o + 4*o. Calculate w(t).
-5
Suppose 2*a + 6 = 0, 0*i + a = 4*i - 55. Suppose -5*n = -17 - i. Let v(y) = -2*y + 2. Determine v(n).
-10
Let m(s) = -s**2 + 5*s - 4. Let h be m(4). Suppose 4*w + h*w - y = 15, -4*w - 4*y = 0. Suppose w = -n + 2. Let x(a) = 13*a**3 - a**2 - 2*a - 1. Calculate x(n).
-13
Let m(x) = x**3 - 5*x**2 + 4*x + 1. Suppose 5*t - 5*r = -4*r - 21, -5*t + 3*r = 23. Let z be (11 + -3 - -3) + t. Let q be -7 + z - (-2 - 1). Calculate m(q).
-5
Let w(r) = 2*r - 2. Suppose 0 = -5*y + d + 10 + 9, 0 = 4*y + 3*d. Suppose y*s - 6 = 5*s. Let h = 6 + s. Give w(h).
4
Let d(h) = -3*h - 3*h - 4*h**2 + 3*h**2 + h + 2. Suppose -9*t + 26 = -7*t. Suppose -t*u - 12 = -9*u. Give d(u).
8
Let h(t) = t**2 + 8*t - 3. Let x be (8/14)/((-6)/(-105)). Let b = -15 + x. What is h(b)?
-18
Let u(m) be the third derivative of 1/2*m**3 - 1/120*m**6 + 0*m - 1/12*m**4 - 1/20*m**5 - 6*m**2 + 0. Give u(-3).
9
Suppose g = 19 - 5. Suppose -3*x = 3*f + 30, -x - 4*x = -4*f + g. Let s(w) = 3*w + 9. Let k(y) = 7*y + 19. Let o(l) = 2*k(l) - 5*s(l). What is o(x)?
-1
Let j be 4/((-84)/141) - (-4)/(-14). Let y(a) = -5*a + 14. Let f(k) = k - 1. Let h(b) = -4*f(b) - y(b). Calculate h(j).
-17
Let r(i) = -3*i**3 + 7*i**2 - 2*i + 14. Let b(z) = 13*z**3 - 27*z**2 + 9*z - 58. Let w(m) = -2*b(m) - 9*r(m). Give w(9).
-10
Suppose 2*d + 3*l + 1 = 6, 0 = -d - l + 3. Let v(y) be the third derivative of 5/6*y**3 + 2*y**2 + 1/60*y**5 + 0 + 0*y - 5/24*y**4. Calculate v(d).
1
Let n(r) be the third derivative of -r**4/24 + 11*r**3/6 + 73*r**2. Give n(0).
11
Let g = -3228 + 3228. Let z(y) be the first derivative of -y**3/3 + y**2/2 + 4*y - 1. Determine z(g).
4
Suppose -5*g = 2*k - g - 22, 0 = 5*k + 5*g - 45. Let a(y) = y**2 + 17*y + 2. Let j be a(-17). Let f(t) = -k*t**2 + 5*t - 4*t + j*t - 1 - 2*t. Determine f(1).
-7
Let d(x) be the third derivative of -x**6/120 - x**5/30 + x**4/8 + x**3/6 + 2*x**2 - 3*x. Give d(-4).
21
Suppose 0 = 8*m + 140 - 124. Let k(l) = -13*l + 6. Give k(m).
32
Suppose k + 4*k = 5. Let v(u) be the third derivative of -1/2*u**4 + 1/6*u**3 - 16*u**2 + 0*u + 0. What is v(k)?
-11
Suppose 20 = -5*i - 2*q + 4*q, 0 = -5*i + 3*q - 15. Let d be (-8)/i + 24/(-18). Let c(t) = -t**2 - t + 30. Give c(d).
30
Let b(k) be the third derivative of -1/12*k**5 - 1/24*k**4 + 2/3*k**3 - 1/60*k**6 + 0*k - 34*k**2 + 0. Calculate b(-3).
16
Let y(l) = -l**3 - 15*l**2 - 2*l - 30. Suppose -452 = 16*x - 212. Calculate y(x).
0
Let q(g) = -g**2 - 6*g + 2. Let d be q(-6). Let u = -285 + 289. Suppose 3*t - d*t = -u. Let z(v) = -v**3 - 5*v**2 - 2*v - 4. Calculate z(t).
-12
Suppose 3*g - 8 = -4*l, -4*g = 2*l - g - 10. Let w(u) be the third derivative of 7*u**6/120 + u**5/30 + u**4/12 + u**3/6 + 5*u**2 - 22. Determine w(l).
-6
Let m(n) = 2*n**2 + n. Let q(x) = 2*x**2 + x. Let p(u) = -7*m(u) + 6*q(u). Suppose -4*t = -y - 60, t + y - 38 = -2*t. Suppose 0 = -6*c - 26 + t. Determine p(c).
-6
Let f(x) = -x**3 - 6*x**2 + 2*x. Suppose 42 = -6*p - 6. Suppose -4*y = -9 + 1. Let i = p + y. Calculate f(i).
-12
Let r(v) = 3*v - 7. Let s(u) be the third derivative of -u**4/24 + u**3/3 - 11*u**2. Let m(d) = -6*r(d) - 17*s(d). Calculate m(4).
4
Suppose -4*s + 12 = -0*s. Suppose -o + 4*o = -s. Let h(f) = -387 + 14*f**2 - f + 2*f**2 + 386. What is h(o)?
16
Let o(z) = -z + 0*z - 2 - z + 15. Calculate o(7).
-1
Let a(q) = -q**3 + 4*q**2 + 2*q - 5. Let h = -6 + 10. Calculate a(h).
3
Suppose 16 = 2*j + 2*j. Suppose 3*s = 6*s - 4*q + 7, -4*q = j*s. Let u(m) = 7*m - 1. Give u(s).
-8
Let t(j) = 2*j - 4. Let m be t(4). Let h(n) = 5*n + 110326 - n**2 - 55159 - 55168. Calculate h(m).
3
Let t = -17 - -29. Let p = t + -12. Let v(g) = p*g**3 - 6 + 0*g**3 - 6*g**2 - 7*g + 0*g**2 + g**3. Calculate v(7).
-6
Let h(u) be the second derivative of -3*u**5/20 + u**4/12 + u**3/3 + u**2/2 + u - 27. Give h(-2).
25
Let g be (1 - -1)/(-34 + 35). Let z(t) be the first derivative of 11 - 1/2*t**g - 9*t. What is z(-6)?
-3
Let n(k) be the first derivative of 0*k + 1/4*k**4 - 1 - 2*k**2 + 1/3*k**3. Suppose 0 = g - z + 4, -12*z = g - 7*z - 2. Give n(g).
-6
Let x = 63 + -69. Let v(t) = -t**3 - 5*t**2 + 5*t - 1. Calculate v(x).
5
Let w(s) = -2*s**2 - 7. Let x(r) = -r**2 - 6. Let d be (-5)/((-10)/8) - 0. Let i(h) = d*w(h) - 5*x(h). Calculate i(3).
-25
Let x be 2/6 + ((-3450)/(-45))/(-23). Let g(q) = 0*q**2 + 1 + q**2 + 2*q + 0. Give g(x).
4
Let a(k) be the third derivative of 0*k - 38*k**2 + 0*k**3 + 1/4*k**4 + 0. Calculate a(-1).
-6
Let h(a) = -4*a**2 - 4*a**3 + a**2 - 1 + 5*a**3 + a. Let k be ((-28)/(-12))/(35/30). Give h(k).
-3
Let o(k) = -9*k**2 - k. Suppose 2*x + 1 = -1, 4*c - 4*x - 12 = 0. Suppose 0 = 5*g - c*g. Let d be g - 0 - (-4 - -3). What is o(d)?
-10
Let v = 151 + -148. Let k(c) = c**3 - 5*c**2 + c**3 - 2*c - c**3 + 2 + 3*c**2. Calculate k(v).
5
Let n(i) = i**3 - 2*i**2 + 2*i - 7. Suppose 0 = 64*k + 67*k. What is n(k)?
-7
Suppose -155 = 9*b - 83. Let f(r) = -r + 4. Calculate f(b).
12
Let y(w) = -1. Let t(j) = -2*j**3 + j. Let p be t(-1). Let i(q) = -6*q - 5. Suppose 0 = -7*g - 19 - 9. Let v(c) = g*y(c) + p*i(c). What is v(1)?
-7
Let v = -59 - -60. Let o(l) = v + 10*l + 5*l - 6 - 16*l - l**2. What is o(0)?
-5
Suppose -5*h = -4 - 6. Let c(z) = -z**2 - 2*z + 1. Let a(o) = 5*o**2 + 12*o - 7. Let n(q) = -a(q) - 6*c(q). Determine n(h).
5
Suppose 0*n = 2*n - 8. Suppose 2*u = 2*p - 3*p + 6, -p - u + n = 0. Let b(i) = -3 - 2*i**3 - i - 3*i**p + 4 + 0*i. Calculate b(-2).
7
Let g(q) = -6*q**3 + 2*q**2 + 3*q + 2. Let u be -2*2/(24/6). What is g(u)?
7
Let h(g) = 5*g**3 + 8*g**2 - 7. Let i(a) = 6*a**3 + 8*a**2 - 8. Let m(z) = 5*h(z) - 4*i(z). Calculate m(-8).
-3
Let v(d) = 10 + 9*d**2 - 2*d**2 - 10*d - d**3 - 4 + 2*d. Let r = 77 - 72. Calculate v(r).
16
Let z(l) be the third derivative of -l**5/60 - 7*l**4/24 - l**3 - l**2. Let n(u) = 3*u**2 - 7*u - 48. Let x be n(-4). Suppose 12*m - x*m - 64 = 0. Give z(m).
6
Let s(q) = q**3 - 4*q**2 - 5*q - 5. Let o be s(5). Let x(v) = -v**3 + v**2 + v + 7. Let m(n) = 6*n**2 + 8. Let c(a) = -m(a) + x(a). Determine c(o).
-6
Suppose 4*b + u + 437 = 0, 0*u + 2*u = -4*b - 442. Let q be b/(-51) + 6/(-51). Let t(l) = -5*l + 2. Give t(q).
-8
Let f(w) = -2*w. Let v(j) be the third derivative of j**4/8 - 11*j**3/3 + 17*j**2. Let a be v(8). Determine f(a).
-4
Let t be (13 - -5)*(-7)/(-3). Let j = -39 + t. Let r(u) = 3 - j*u**2 - u + u**3 - 6 + 9*u**2. What is r(-6)?
3
Let s(y) = 9*y - 2. Let l be 2/((-12)/18)*-1. Give s(l).
25
Let v(l) = -l - 9. Let w = 588 + -583. Determine v(w).
-14
Suppose n + 12 = 4*n. Suppose 0*x = n*x. Suppose 0 = -k - x*k - 3. Let a(b) = -b**2 - b + 1. What is a(k)?
-5
Let d(n) = 2*n + 2. Let c be d(2). Let a(v) = 13*v**2 - 13*v + 23. Let o(z) = -15*z**2 + 14*z - 26. Let u(q) = 7*a(q) + 6*o(q). Give u(c).
-1
Let x(z) = -z**3 - z**2 - 1. Let y(b) = -4*b**3 - 3*b**2 - b - 15. Suppose 0 = -4*r - 5*t + 24, -t = -4*t + 12. Let h(q) = r*y(q) - 3*x(q). Determine h(0).
-12
Suppose -3*h - 18 = 2*c, 0*h - 5*c - 6 = h. Let i(n) = n - 5. What is i(h)?
-11
Let f(y) = -15*y + 6. Suppose -2 = t - 0*t. Let h(c) = -3*c + 1. Let p(j) = t*f(j) + 11*h(j). Let i(b) = -b**3 + 6*b**2 - 8*b + 1. Let q be i(4). What is p(q)?
-4
Let m = 64 - 36. Let z = 31 - m. Let f(v) = -v**2 + 3*v. Give f(z).
0
Suppose l + 4*t - 2 = 2*t, -6 = -3*l + 4*t. Let r(x) = -6*x**2 + x + 1. Determine r(l).
-21
Let a(f) be the second derivative of -f**4/12 + f**3/3 + f**2 - 3*f - 3. Calculate a(5).
-13
Let c(o) be the third derivative of -o**5/60 - o**3/3 + 7*o**2. Let i(k) = -k**2 - 14*k - 24. Let n be i(-12). Give c(n).
-2
Suppose -4*c = -2*a + 6, 44 - 18 = c + 5*a. Let i = -6 - c. Let b = i + 12. Let d(w) = w**3 - 5*w**2 - w - 1. What is d(b)?
-6
Let t(u) = u**2 + 3. Let o(c) = -c**3 - 8*c**2 - 14. Let j(i) = -o(i) - 4*t(i). Suppose 0 = -l + 5*a + 2, -l + 7 = -3*l - a. Give j(l).
11
Let d be (-33)/(-4) - (-1)/(-4). Let v = 8 - d. Let y be (v - -1)/(2 + -3). Let s(f) = -4*f**3 + f**2 + 2*f + 1. Determine s(y).
4
Let b(a) = a**3 + 10*a**2 + a + 7. Let g be b(-10)